- 9*h - 7. Let k(f) = -5*f - 2. Let n be k(-2). Let x be i(n). Let w = -35 + x. What is the units digit of w?
4
Let t(a) = -a**3 + 15*a**2 - 14*a - 2. Let j be t(14). Let f(h) be the first derivative of -23*h**2/2 + 2*h + 1. What is the units digit of f(j)?
8
Let l(j) = 6*j - 4. Let m be l(5). Suppose -39 = -4*s + 5*k, -2*s + 0*s - 4*k + m = 0. What is the units digit of s/66 + 155/6?
6
Suppose 2*v - 7*v = -465. Let n be 715/13 - (-1 - -1)/2. Let r = v - n. What is the tens digit of r?
3
Let r be ((-4 - 1) + 0)/(2/(-80)). Let i = -94 + r. What is the tens digit of i?
0
Let k = -1996 - -3370. What is the tens digit of k?
7
Suppose 0*x - 1665 = -2*x + t, -5*x - 5*t + 4155 = 0. What is the units digit of x/18 - 6/27?
6
Suppose -5*r = 5*a - 3505, 0 = 5*a + 27 - 12. What is the tens digit of r?
0
Let i be (-131)/(-2) + -2 + 1/2. Suppose 4*m + 4*f + 8 = -f, m + 2*f = -5. Suppose -m*q + q + i = 0. What is the units digit of q?
2
Let k = 120 + 82. Suppose -5*t + k + 33 = 0. What is the units digit of t?
7
Let k(g) = 6 + 2*g**2 - 1 + 4*g + 1. What is the units digit of k(-5)?
6
Let s = 53 - 47. Suppose 2*q + 4 = 0, q + 0 = -c + s. What is the units digit of c?
8
Suppose 786 = -5*p + 2206. What is the units digit of p?
4
Suppose 4*q - 2*t - 10 = 0, -2*t - 2 - 6 = -3*q. Suppose -h + 10 = 4*z - 3*z, -40 = -q*h + 2*z. What is the units digit of h?
5
Let c be 6/45 - 816/45. Let y = c + 14. Let u = 17 + y. What is the tens digit of u?
1
Let t(p) = 6*p**2 - 2*p + 4. Suppose -2*l + 5*l = 0. Suppose -1 = -o + 5*f + 1, l = -2*o - 3*f + 4. What is the units digit of t(o)?
4
Suppose p + 2*n - 804 = 5*p, 0 = 5*p - 3*n + 1005. What is the units digit of (-1)/4 - p/4?
0
Let p = -222 - -505. Suppose -p = -3*d - i, 3*i - 6*i - 15 = 0. What is the tens digit of d?
9
Suppose 2*u - 5*b - 4565 = 0, -3*u + 6835 = 19*b - 14*b. What is the units digit of u?
0
Suppose 0*t + 6 = -2*t, 168 = -3*j - 4*t. What is the tens digit of (1 + 6/(-3))*j?
5
Suppose 21*q - 3 = 20*q. Suppose 4*p - 4*m - 34 + 14 = 0, 0 = -q*p - 3*m - 15. Suppose 3*y = 8*t - 4*t - 71, 3*t - 5*y - 45 = p. What is the tens digit of t?
2
Suppose 6*y = -0*y + 24. Suppose 0 = -3*s - 3*l + l, y*l = -2*s. Suppose -o + 2*o - 20 = s. What is the tens digit of o?
2
Let o(s) = 38*s**2 - 44*s + 5. What is the hundreds digit of o(4)?
4
Let s = -25 + 6. Let o = -11 - s. What is the units digit of o/(3 - -1)*4?
8
Suppose 5*v - 182 = 3*n + 266, 0 = -5*n - 3*v - 792. What is the units digit of ((-27)/6)/(-3)*n/(-9)?
6
Suppose 0 = -6*q - 9 + 27. Suppose q*o - 16 + 7 = 0. What is the units digit of o?
3
Suppose 109 + 199 = -4*c. Suppose -3*k + 66 = -3*m, -5*m + 20 = 2*k - 24. What is the tens digit of 414/k - 14/c?
1
Let j(f) = f**3 + 3*f**2 - 4*f + 13. Let q be j(4). Let i = 185 - q. What is the tens digit of i?
7
Suppose 1 = 3*t - 5. Let b be 0/(6 - (7 + -3))*1. Suppose b = -p - 3*p - n + 130, 4*p - 136 = t*n. What is the tens digit of p?
3
Let n(m) = 8*m - 2*m + 7*m - 26 - 2*m. What is the tens digit of n(17)?
6
Suppose 0 = 5*g + 20. Let l(k) = -k**3 - 2*k**2 + 7*k - 3. Let u be l(g). What is the units digit of (-1 - 1/u)/(-2)?
1
Let o(b) = 2*b**3 - 4*b**2 + 9*b - 25. Let c be o(6). Suppose -3*z + 5*q = -c, 0 = 4*z - q - q - 446. What is the hundreds digit of z?
1
Suppose 10*q = 5*q - 4*z + 18, 3*q - 14 = -4*z. Suppose -q*w = -4*w - 12. Let y(u) = -7*u + 1. What is the units digit of y(w)?
3
Let w(z) = -z + 5. Let t be w(4). Suppose -4*u = -p + 22, 5*p - 9 - 16 = 3*u. Suppose t = p*n - 3. What is the units digit of n?
2
Let v be 50 + (3 + 0 - 7). Suppose 0 = 3*o - 5*y - 106, 4*y + v + 26 = 2*o. What is the tens digit of o?
3
Let y(d) = -d**2 - 11*d - 5. Let o be y(-10). Let c = o + 14. What is the tens digit of c?
1
Let o(u) = -6*u - 190. What is the tens digit of o(-42)?
6
Suppose -x + 2*f = -2, -3*f - 19 - 2 = -3*x. Suppose 2*v - x = -2*h - 3*h, -5*h - 5*v = -15. What is the units digit of 595/20 + h/8?
0
Suppose 8*p + 3681 - 11217 = 0. What is the hundreds digit of p?
9
Suppose 4*o - a = -3*a + 174, -5*o = 2*a - 215. Let h = -17 + o. Suppose 0 = -2*v + 4*i + h, -i = i - 2. What is the units digit of v?
4
Let f = 608 - 299. What is the tens digit of f?
0
Suppose -241*j + 182*j = -26963. What is the units digit of j?
7
Let t be (-3)/9 + (-120)/(-9). Suppose -t*d - 18 = -239. What is the units digit of d?
7
Let z(x) = 5*x**2 - 165*x - 1. What is the tens digit of z(38)?
4
Let r(c) = c**3 - c**2 + 2*c + 3. Let o be r(3). Let d be 3 + -6 + 3 - o. Let m = d - -65. What is the tens digit of m?
3
Let u = -17 - -18. Suppose -z - u + 7 = 0. What is the tens digit of z/(-8) - (-2350)/40?
5
Suppose -2*v = -685 - 171. Suppose -3 = -4*g - 11, -g + v = 5*j. What is the tens digit of j?
8
Suppose -4*u - 18 = -6*u. Let l = 145 + u. What is the hundreds digit of l?
1
Suppose 2*n = 3*g - 96, -3*n - 42 = -2*n - 3*g. Let a be (-282)/n + (-6)/27. Suppose 5*s + 3*c = 53 + 69, -130 = -a*s - 5*c. What is the units digit of s?
2
Let r(j) = j**3 + 26*j**2 - 62*j + 85. What is the thousands digit of r(-26)?
1
Let c(i) = 13*i + 20. Let m(g) = 25*g + 40. Let x(z) = 7*c(z) - 4*m(z). What is the units digit of x(-6)?
4
Let r(a) = 116*a. What is the tens digit of r(15)?
4
Suppose q - 607 = -2*w, -q - 4*w - 179 = -796. Suppose -i + 4*i = q. What is the units digit of i?
9
Suppose 3*p - 4*x + 209 = 0, -5*p - 281 - 58 = -2*x. Let z = -58 - -16. Let c = z - p. What is the units digit of c?
5
Let h(v) = -2*v - 7. Let d(j) = -3*j - 14. Let u(z) = -3*d(z) + 5*h(z). What is the tens digit of u(-4)?
1
Let x be 2 + 17 + (-3 - 2). Suppose 312 = x*t - 458. What is the tens digit of t?
5
Suppose 2689 = 5*d + 819. What is the hundreds digit of d?
3
Suppose 66 = -5*w - 2*q, -w + q = 9 + 7. Let i be (24/w)/(3/(-21)). Let l = i - 11. What is the units digit of l?
1
Let z(u) be the second derivative of u**5/20 + u**4 + u**3/3 - 3*u**2/2 - 5*u. Let i be z(-6). Suppose -2*s + i = s. What is the units digit of s?
7
Let b(l) = -l**3 + 4*l**2 - 4*l - 1. Let q(m) = -3*m**3 + 11*m**2 - 11*m - 3. Let f(r) = 17*b(r) - 6*q(r). What is the units digit of f(-2)?
5
Let b = 165 - -423. What is the units digit of b?
8
Let s(p) = -44 - 15*p - 2*p + 3*p. What is the units digit of s(-14)?
2
Let i(l) = 45*l**2 - 4*l + 20. What is the hundreds digit of i(-4)?
7
Suppose 0 = 4*m - 3*m + 13. Suppose 44 = 2*v - 3*w, 0*v - 88 = -4*v + 2*w. Let t = m + v. What is the units digit of t?
9
Suppose 10*a - 5754 + 1834 = 0. What is the tens digit of a?
9
Suppose -5*n + 0*n - 50 = 0. Let k = n + 8. What is the units digit of k/(4 - (-84)/(-20))?
0
Let k(u) = 2*u + 29. Let w be k(-13). Let q = 3 + -2. Suppose -w*n + q = 4*d, -5*n - 1 = d + 3. What is the units digit of d?
1
Let d = 280 + -169. Let p = d + -36. What is the tens digit of (3 + p/(-9))*-3?
1
Let f(o) = o**3 + 6*o**2 + 6*o - 4. Let a be f(-3). Suppose 2*c = -5*v + 397, a*v + 623 = 3*c + 7*v. What is the hundreds digit of c?
2
Let s(f) be the second derivative of -f**2 - 2*f - 4/3*f**3 + 0. What is the units digit of s(-3)?
2
Let j(u) be the first derivative of -22*u**2 - 16*u - 6. What is the tens digit of j(-3)?
1
Suppose -2 = m + 3*u - 3, -5*m - 2*u = -18. Suppose -5*w + 3*w + 69 = 3*t, 5*w - 184 = m*t. What is the tens digit of w?
3
Let k = 36 - -8. Suppose -6*t + 4*t + k = 0. What is the units digit of t?
2
Let m be (-10 - -1)*(-26 + -7 - 3). Suppose -2*x - 5*u = -324, -12*x - m = -14*x + 3*u. What is the hundreds digit of x?
1
Suppose 0 = -x - 4*x + 25. Suppose 4*a - 4*f + 14 = 2, x*f - 35 = -5*a. Suppose 3*y = a*y + 5. What is the units digit of y?
5
Suppose 2*y + 1482 = 4*q, 0 = 5*q + 5*y - 2*y - 1858. What is the hundreds digit of q?
3
Let s(a) = a**3 + 8*a**2 + 7*a + 12. Suppose 2*j + 4 = -6. What is the units digit of s(j)?
2
Let m(r) = r**2 + 7*r + 16. Let k be m(-9). Let t = k - 51. Let v = t - -46. What is the units digit of v?
9
Suppose 0 = -5*y + 2543 + 932. What is the tens digit of y?
9
Let i = 2963 + -1801. What is the thousands digit of i?
1
Let n(x) = 73*x + 140. What is the units digit of n(10)?
0
Let a(h) = -h**3 + 4*h**2 - 6*h - 4. What is the units digit of a(-4)?
8
Let m = -993 + 2061. Suppose -37*j + 31*j + m = 0. What is the hundreds digit of j?
1
Let i = 1592 + -349. What is the hundreds digit of i?
2
Let a = 7